{"id":31,"date":"2020-05-26T14:13:32","date_gmt":"2020-05-26T14:13:32","guid":{"rendered":"https:\/\/www.cooperativacemcop.com\/site\/?page_id=31"},"modified":"2025-02-01T22:04:12","modified_gmt":"2025-02-01T22:04:12","slug":"quienes-somos","status":"publish","type":"page","link":"https:\/\/cooperativacemcop.com\/site\/quienes-somos\/","title":{"rendered":"Qui\u00e9nes somos"},"content":{"rendered":"<div class=\"wpb-content-wrapper\"><p>[vc_section full_width=\u00bbstretch_row_content\u00bb content_placement=\u00bbbottom\u00bb el_class=\u00bbheader_page\u00bb css=\u00bb.vc_custom_1591795667617{background-image: url(https:\/\/www.cooperativacemcop.com\/site\/wp-content\/uploads\/2020\/05\/banner_1_sin_filtro.jpg?id=199) !important;}\u00bb el_id=\u00bbhistoria\u00bb][vc_row full_width=\u00bbstretch_row_content_no_spaces\u00bb content_placement=\u00bbmiddle\u00bb el_class=\u00bbfiltro azul\u00bb css=\u00bb.vc_custom_1590680657694{padding-top: 30px !important;padding-bottom: 30px !important;}\u00bb][vc_column][vc_row_inner content_placement=\u00bbmiddle\u00bb el_class=\u00bbcontainer titulo_principal\u00bb][vc_column_inner width=\u00bb1\/2&#8243;][vc_single_image image=\u00bb204&#8243; img_size=\u00bbfull\u00bb][\/vc_column_inner][vc_column_inner width=\u00bb1\/2&#8243;][vc_custom_heading source=\u00bbpost_title\u00bb font_container=\u00bbtag:h2|text_align:center|color:%23ffffff\u00bb use_theme_fonts=\u00bbyes\u00bb css_animation=\u00bbnone\u00bb][\/vc_column_inner][\/vc_row_inner][vc_row_inner el_class=\u00bbcontainer\u00bb][vc_column_inner][vc_column_text css_animation=\u00bbnone\u00bb]<\/p>\n<h3><span style=\"font-family: 'Nunito Sans';\">HISTORIA<\/span><\/h3>\n<p><span style=\"font-family: 'Nunito Sans';\">La cooperativa CEMCOP, es una persona jur\u00eddica de derecho privado, empresa asociativa sin \u00e1nimo de lucro, de responsabilidad limitada, de n\u00famero de asociados y de patrimonio variable e ilimitado, regida por la filosof\u00eda, los principios y m\u00e9todos cooperativos, la ley colombiana y el estatuto de CEMCOP.<\/span>[\/vc_column_text][\/vc_column_inner][\/vc_row_inner][\/vc_column][\/vc_row][\/vc_section][vc_section full_width=\u00bbstretch_row_content\u00bb el_class=\u00bbbackground_right_full\u00bb css=\u00bb.vc_custom_1590680776873{background-image: url(https:\/\/www.cooperativacemcop.com\/site\/wp-content\/uploads\/2020\/05\/familia.jpg?id=211) !important;}\u00bb][vc_row el_class=\u00bbcontainer padding-0&#8243;][vc_column width=\u00bb5\/12&#8243;][vc_column_text css_animation=\u00bbfadeInUp\u00bb css=\u00bb.vc_custom_1590681439289{padding-top: 40px !important;padding-bottom: 40px !important;}\u00bb]Fue organizada voluntariamente en 1952 como Fondo de Empleados, por un grupo de trabajadores de la compa\u00f1\u00eda, con el prop\u00f3sito de ahorrar y prestarse servicios mutuamente, aprovechando al m\u00e1ximo los recursos humanos, t\u00e9cnicos y econ\u00f3micos para contribuir mediante la cooperaci\u00f3n, al mejoramiento de las condiciones de vida de los asociados y sus familias.<\/p>\n<p>Con el objeto de ampliar las actividades econ\u00f3micas se propuso convertir FEMCOP en Cooperativa Multiactiva, esta propuesta fue aceptada por la Asamblea el 18 de julio de 1995, con resoluci\u00f3n 0725 dada en marzo 4 de 1996, por el Departamento Administrativo Nacional de Cooperativas.<\/p>\n<p>En Noviembre de 2017, la Asamblea de Delegados da la aprobaci\u00f3n para iniciar el proceso de cambio de raz\u00f3n social e imagen visual a cooperativa CEMCOP, d\u00e1ndole una mirada m\u00e1s futurista y juvenil. En donde damos a conocer tambi\u00e9n las fuerzas cooperativas que nos identifican UNIDAD, DEMOCRACIA Y ECONOM\u00cdA.[\/vc_column_text][\/vc_column][vc_column width=\u00bb1\/12&#8243;][\/vc_column][vc_column width=\u00bb1\/2&#8243;][\/vc_column][\/vc_row][\/vc_section][vc_section full_width=\u00bbstretch_row_content\u00bb el_class=\u00bbsection_full_gris\u00bb css=\u00bb.vc_custom_1591798122717{background-color: #eeeeee !important;}\u00bb el_id=\u00bbmision-vision\u00bb][vc_row el_class=\u00bbcontainer padding-0&#8243; css=\u00bb.vc_custom_1590682246258{padding-top: 30px !important;padding-bottom: 40px !important;}\u00bb][vc_column width=\u00bb5\/12&#8243;][vc_row_inner][vc_column_inner width=\u00bb1\/6&#8243;][vc_single_image image=\u00bb218&#8243; img_size=\u00bbfull\u00bb css_animation=\u00bbfadeInUp\u00bb][\/vc_column_inner][vc_column_inner width=\u00bb5\/6&#8243;][vc_column_text css_animation=\u00bbfadeInUp\u00bb]<\/p>\n<h3>Misi\u00f3n:<\/h3>\n<p>Promover el equilibrio econ\u00f3mico y social para la sostenibilidad de la cooperativa en el tiempo.[\/vc_column_text][\/vc_column_inner][\/vc_row_inner][\/vc_column][vc_column width=\u00bb1\/6&#8243;][\/vc_column][vc_column width=\u00bb5\/12&#8243;][vc_row_inner][vc_column_inner width=\u00bb1\/6&#8243;][vc_single_image image=\u00bb221&#8243; img_size=\u00bbfull\u00bb css_animation=\u00bbfadeInUp\u00bb][\/vc_column_inner][vc_column_inner width=\u00bb5\/6&#8243;][vc_column_text css_animation=\u00bbfadeInUp\u00bb]<\/p>\n<h3>Visi\u00f3n:<\/h3>\n<p>Ser una cooperativa del segmento mediano en la clasificaci\u00f3n de la Supersolidaria.[\/vc_column_text][\/vc_column_inner][\/vc_row_inner][\/vc_column][\/vc_row][\/vc_section][vc_section full_width=\u00bbstretch_row_content\u00bb el_class=\u00bbbackground_left_full\u00bb css=\u00bb.vc_custom_1591795710725{background-image: url(https:\/\/www.cooperativacemcop.com\/site\/wp-content\/uploads\/2020\/05\/empresario.jpg?id=226) !important;}\u00bb el_id=\u00bbvalores-institucionales\u00bb][vc_row][vc_column width=\u00bb1\/2&#8243;][\/vc_column][vc_column width=\u00bb1\/2&#8243;][vc_column_text el_class=\u00bbazul_full\u00bb]<\/p>\n<h3 style=\"text-align: center;\">Valores institucionales<\/h3>\n<p>[\/vc_column_text][vc_row_inner css=\u00bb.vc_custom_1590685616690{padding-bottom: 60px !important;}\u00bb][vc_column_inner width=\u00bb1\/12&#8243;][\/vc_column_inner][vc_column_inner width=\u00bb1\/12&#8243;][\/vc_column_inner][vc_column_inner width=\u00bb1\/3&#8243;][vc_message message_box_color=\u00bbwhite\u00bb icon_fontawesome=\u00bbfas fa-users-cog\u00bb css_animation=\u00bbfadeInUp\u00bb]1. Trabajo en equipo.[\/vc_message][vc_message message_box_color=\u00bbwhite\u00bb icon_fontawesome=\u00bbfas fa-american-sign-language-interpreting\u00bb css_animation=\u00bbfadeInUp\u00bb]2. Comunicaci\u00f3n efectiva.[\/vc_message][vc_message message_box_color=\u00bbwhite\u00bb icon_fontawesome=\u00bbfas fa-shield-alt\u00bb css_animation=\u00bbfadeInUp\u00bb]3. Ser referentes.[\/vc_message][vc_message message_box_color=\u00bbwhite\u00bb icon_fontawesome=\u00bbfas fa-check-double\u00bb css_animation=\u00bbfadeInUp\u00bb]5. Transparencia[\/vc_message][vc_message message_box_color=\u00bbwhite\u00bb icon_fontawesome=\u00bbfas fa-users\u00bb css_animation=\u00bbfadeInUp\u00bb]6. Responsabilidad social[\/vc_message][\/vc_column_inner][\/vc_row_inner][\/vc_column][\/vc_row][\/vc_section][vc_section full_width=\u00bbstretch_row_content\u00bb el_class=\u00bbpadding-0 full\u00bb el_id=\u00bborganigrama\u00bb][vc_row el_class=\u00bbpadding-0&#8243;][vc_column][vc_column_text el_class=\u00bbazul_full\u00bb]<\/p>\n<h3 style=\"text-align: center;\">Organigrama<\/h3>\n<p>[\/vc_column_text][vc_row_inner el_class=\u00bbcontainer\u00bb css=\u00bb.vc_custom_1590686034075{padding-top: 30px !important;}\u00bb][vc_column_inner][vc_single_image image=\u00bb2865&#8243; img_size=\u00bbfull\u00bb alignment=\u00bbcenter\u00bb][\/vc_column_inner][\/vc_row_inner][\/vc_column][\/vc_row][\/vc_section][vc_section full_width=\u00bbstretch_row_content\u00bb el_class=\u00bbbackground_right_full final_quienes\u00bb css=\u00bb.vc_custom_1591795748910{padding-top: 50px !important;padding-bottom: 80px !important;background-image: url(https:\/\/www.cooperativacemcop.com\/site\/wp-content\/uploads\/2020\/05\/por_si_la_necesita_sola.jpg?id=244) !important;}\u00bb el_id=\u00bbdocumentos\u00bb][vc_row el_class=\u00bbpadding-0&#8243; css=\u00bb.vc_custom_1591989601305{padding-bottom: 50px !important;}\u00bb][vc_column][vc_row_inner el_class=\u00bbcontainer padding-0&#8243;][vc_column_inner width=\u00bb1\/2&#8243;][\/vc_column_inner][vc_column_inner width=\u00bb1\/2&#8243;][\/vc_column_inner][\/vc_row_inner][\/vc_column][\/vc_row][\/vc_section]<\/p>\n<\/div>","protected":false},"excerpt":{"rendered":"<p>[vc_section full_width=\u00bbstretch_row_content\u00bb content_placement=\u00bbbottom\u00bb el_class=\u00bbheader_page\u00bb css=\u00bb.vc_custom_1591795667617{background-image: url(https:\/\/www.cooperativacemcop.com\/site\/wp-content\/uploads\/2020\/05\/banner_1_sin_filtro.jpg?id=199) !important;}\u00bb el_id=\u00bbhistoria\u00bb][vc_row full_width=\u00bbstretch_row_content_no_spaces\u00bb content_placement=\u00bbmiddle\u00bb el_class=\u00bbfiltro azul\u00bb css=\u00bb.vc_custom_1590680657694{padding-top: 30px !important;padding-bottom: [&hellip;]<\/p>\n","protected":false},"author":1,"featured_media":0,"parent":0,"menu_order":0,"comment_status":"closed","ping_status":"closed","template":"","meta":{"_acf_changed":false,"footnotes":""},"acf":[],"_links":{"self":[{"href":"https:\/\/cooperativacemcop.com\/site\/wp-json\/wp\/v2\/pages\/31"}],"collection":[{"href":"https:\/\/cooperativacemcop.com\/site\/wp-json\/wp\/v2\/pages"}],"about":[{"href":"https:\/\/cooperativacemcop.com\/site\/wp-json\/wp\/v2\/types\/page"}],"author":[{"embeddable":true,"href":"https:\/\/cooperativacemcop.com\/site\/wp-json\/wp\/v2\/users\/1"}],"replies":[{"embeddable":true,"href":"https:\/\/cooperativacemcop.com\/site\/wp-json\/wp\/v2\/comments?post=31"}],"version-history":[{"count":2,"href":"https:\/\/cooperativacemcop.com\/site\/wp-json\/wp\/v2\/pages\/31\/revisions"}],"predecessor-version":[{"id":3310,"href":"https:\/\/cooperativacemcop.com\/site\/wp-json\/wp\/v2\/pages\/31\/revisions\/3310"}],"wp:attachment":[{"href":"https:\/\/cooperativacemcop.com\/site\/wp-json\/wp\/v2\/media?parent=31"}],"curies":[{"name":"wp","href":"https:\/\/api.w.org\/{rel}","templated":true}]}}